{"id":8545,"date":"2024-02-22T05:55:38","date_gmt":"2024-02-22T05:55:38","guid":{"rendered":"https:\/\/dev.kodesolution.com\/enfinix\/?page_id=8545"},"modified":"2024-10-22T16:32:04","modified_gmt":"2024-10-22T19:32:04","slug":"blog","status":"publish","type":"page","link":"https:\/\/flowmidia.com.br\/index.php\/servicos\/blog\/","title":{"rendered":"Blog"},"content":{"rendered":"\t\t<div data-elementor-type=\"wp-page\" data-elementor-id=\"8545\" class=\"elementor elementor-8545\">\n\t\t\t\t<div class=\"elementor-element elementor-element-ff99abd e-flex e-con-boxed tm-col-stretched-none tm-bg-color-over-image e-con e-parent\" data-id=\"ff99abd\" data-element_type=\"container\" data-core-v316-plus=\"true\">\n\t\t\t\t\t<div class=\"e-con-inner\">\n\t\t<div class=\"elementor-element elementor-element-313f199 e-con-full e-flex tm-col-stretched-none tm-bg-color-over-image e-con e-child\" data-id=\"313f199\" data-element_type=\"container\">\n\t\t\t\t<div class=\"elementor-element elementor-element-47396d1 elementor-widget elementor-widget-tm-ele-navigation-menu\" data-id=\"47396d1\" data-element_type=\"widget\" data-widget_type=\"tm-ele-navigation-menu.default\">\n\t\t\t\t<div class=\"elementor-widget-container\">\n\t\t\t<div class=\"tm-sc-simple-nav-menu\"><ul id=\"menu-service-menu\" class=\"\"><li id=\"menu-item-8589\" class=\"menu-item menu-item-type-post_type menu-item-object-page menu-item-8589\"><a href=\"https:\/\/flowmidia.com.br\/index.php\/servicos\/redes-sociais\/\"><i class=\"tm-nav-arrow-icon fas fa-arrow-right\"><\/i>Redes Sociais<\/a><\/li>\n<li id=\"menu-item-8590\" class=\"menu-item menu-item-type-post_type menu-item-object-page menu-item-8590\"><a href=\"https:\/\/flowmidia.com.br\/index.php\/servicos\/trafego-pago\/\"><i class=\"tm-nav-arrow-icon fas fa-arrow-right\"><\/i>Tr\u00e1fego Pago<\/a><\/li>\n<li id=\"menu-item-8588\" class=\"menu-item menu-item-type-post_type menu-item-object-page menu-item-8588\"><a href=\"https:\/\/flowmidia.com.br\/index.php\/servicos\/blog\/\"><i class=\"tm-nav-arrow-icon fas fa-arrow-right\"><\/i>Blog<\/a><\/li>\n<li id=\"menu-item-8593\" class=\"menu-item menu-item-type-post_type menu-item-object-page menu-item-8593\"><a href=\"https:\/\/flowmidia.com.br\/index.php\/servicos\/seo-otimizacao-de-sites\/\"><i class=\"tm-nav-arrow-icon fas fa-arrow-right\"><\/i>SEO \u2013 Otimiza\u00e7\u00e3o de Sites<\/a><\/li>\n<li id=\"menu-item-15278\" class=\"menu-item menu-item-type-post_type menu-item-object-page menu-item-15278\"><a href=\"https:\/\/flowmidia.com.br\/index.php\/servicos\/consultoria-de-conteudo-de-redes-sociais\/\"><i class=\"tm-nav-arrow-icon fas fa-arrow-right\"><\/i>Consultoria de Conte\u00fado<\/a><\/li>\n<\/ul><\/div>\t\t<\/div>\n\t\t\t\t<\/div>\n\t\t<div class=\"elementor-element elementor-element-78ad881 e-con-full e-flex tm-col-stretched-none tm-bg-color-over-image e-con e-child\" data-id=\"78ad881\" data-element_type=\"container\" data-settings=\"{&quot;background_background&quot;:&quot;classic&quot;}\">\n\t\t<div class=\"elementor-element elementor-element-50d142d e-con-full e-flex tm-col-stretched-none tm-bg-color-over-image e-con e-child\" data-id=\"50d142d\" data-element_type=\"container\">\n\t\t\t\t<div class=\"elementor-element elementor-element-85ca735 elementor-widget elementor-widget-tm-ele-iconbox\" data-id=\"85ca735\" data-element_type=\"widget\" data-widget_type=\"tm-ele-iconbox.default\">\n\t\t\t\t<div class=\"elementor-widget-container\">\n\t\t\t<div class=\"tm-sc-icon-box icon-box icon-top font-icon icon-top animate-hover icon-rotate-y\">\r\n\t\r\n  \t<div class=\"icon-box-wrapper\">\r\n\t\t\r\n\t\t<div class=\"icon-wrapper\">\r\n\t\t<div class=\"icon icon-circled icon-type-font-icon icon-sm\">\r\n\t\t\t<i aria-hidden=\"true\" class=\" flaticon-common-email-1\"><\/i>\t\t<\/div>\r\n\r\n\t\t\t<\/div>\r\n\t\t\t<div class=\"icon-text\">\r\n\t\t\t\t\t\t\r\n\t\t\t\t\t\t\t\t\t\t\t\r\n\t\t\t\r\n\t\r\n\t\t\t\t\t<\/div>\r\n\t\t<div class=\"clearfix\"><\/div>\r\n\t<\/div>\r\n<\/div>\t\t<\/div>\n\t\t\t\t<\/div>\n\t\t\t\t<div class=\"elementor-element elementor-element-883acab elementor-widget elementor-widget-heading\" data-id=\"883acab\" data-element_type=\"widget\" data-widget_type=\"heading.default\">\n\t\t\t\t<div class=\"elementor-widget-container\">\n\t\t\t<style>\/*! elementor - v3.20.0 - 20-03-2024 *\/\n.elementor-heading-title{padding:0;margin:0;line-height:1}.elementor-widget-heading .elementor-heading-title[class*=elementor-size-]>a{color:inherit;font-size:inherit;line-height:inherit}.elementor-widget-heading .elementor-heading-title.elementor-size-small{font-size:15px}.elementor-widget-heading .elementor-heading-title.elementor-size-medium{font-size:19px}.elementor-widget-heading .elementor-heading-title.elementor-size-large{font-size:29px}.elementor-widget-heading .elementor-heading-title.elementor-size-xl{font-size:39px}.elementor-widget-heading .elementor-heading-title.elementor-size-xxl{font-size:59px}<\/style><h3 class=\"elementor-heading-title elementor-size-default\"><a href=\"https:\/\/flowmidia.com.br\/index.php\/contato\/\">Entre em contato!<\/a><\/h3>\t\t<\/div>\n\t\t\t\t<\/div>\n\t\t\t\t<\/div>\n\t\t\t\t<\/div>\n\t\t\t\t<\/div>\n\t\t<div class=\"elementor-element elementor-element-ab4620c e-con-full e-flex tm-col-stretched-none tm-bg-color-over-image e-con e-child\" data-id=\"ab4620c\" data-element_type=\"container\">\n\t\t\t\t<div class=\"elementor-element elementor-element-ad17988 elementor-widget elementor-widget-image\" data-id=\"ad17988\" data-element_type=\"widget\" data-widget_type=\"image.default\">\n\t\t\t\t<div class=\"elementor-widget-container\">\n\t\t\t<style>\/*! elementor - v3.20.0 - 20-03-2024 *\/\n.elementor-widget-image{text-align:center}.elementor-widget-image a{display:inline-block}.elementor-widget-image a img[src$=\".svg\"]{width:48px}.elementor-widget-image img{vertical-align:middle;display:inline-block}<\/style>\t\t\t\t\t\t\t\t\t\t<img fetchpriority=\"high\" decoding=\"async\" width=\"600\" height=\"400\" src=\"https:\/\/flowmidia.com.br\/wp-content\/uploads\/2024\/10\/imagem-blog-flowmidia.webp\" class=\"attachment-post-thumbnail size-post-thumbnail wp-image-14903\" alt=\"\" srcset=\"https:\/\/flowmidia.com.br\/wp-content\/uploads\/2024\/10\/imagem-blog-flowmidia.webp 600w, https:\/\/flowmidia.com.br\/wp-content\/uploads\/2024\/10\/imagem-blog-flowmidia-300x200.webp 300w\" sizes=\"(max-width: 600px) 100vw, 600px\" \/>\t\t\t\t\t\t\t\t\t\t\t\t\t<\/div>\n\t\t\t\t<\/div>\n\t\t\t\t<div class=\"elementor-element elementor-element-cfcd999 elementor-widget elementor-widget-tm-ele-text-editor\" data-id=\"cfcd999\" data-element_type=\"widget\" data-widget_type=\"tm-ele-text-editor.default\">\n\t\t\t\t<div class=\"elementor-widget-container\">\n\t\t\t\t\t<div class=\"tm-text-editor\">\r\n\t\t<h3>Blog<\/h3>\t\t<\/div>\r\n\t\t\t<\/div>\n\t\t\t\t<\/div>\n\t\t\t\t<div class=\"elementor-element elementor-element-341f68a elementor-widget elementor-widget-tm-ele-text-editor\" data-id=\"341f68a\" data-element_type=\"widget\" data-widget_type=\"tm-ele-text-editor.default\">\n\t\t\t\t<div class=\"elementor-widget-container\">\n\t\t\t\t\t<div class=\"tm-text-editor\">\r\n\t\t<p>Blogs s\u00e3o p\u00e1ginas on-line, atualizadas com frequ\u00eancia que servem para publicar conte\u00fados como artigos pessoais ou para empresas. Essas publica\u00e7\u00f5es s\u00e3o chamadas de posts e \u00e9 uma base importante para uma boa estrat\u00e9gia de Marketing Digital.<\/p><p>H\u00e1 alguns anos, os Blogs, eram vistos como vitrines e um tipo de di\u00e1rio virtual para usu\u00e1rios.<\/p><p>Com o tempo passou a ganhar espa\u00e7o e atualmente \u00e9 vista como uma importante ferramenta no mundo online, transformando as formas de comunica\u00e7\u00e3o de pessoas e de institui\u00e7\u00f5es para com o mundo.<\/p><p>Abaixo listamos alguns tipos de Blogs ideais \u00e0 serem implementados em a\u00e7\u00f5es de Marketing Digital, s\u00e3o eles:<\/p><p>\u2022 Blog Profissional;<\/p><p>\u2022 Blog Pessoal;<\/p><p>\u2022 Blog de Nicho;<\/p><p>\u2022 Blog de Not\u00edcias;<\/p><p>\u2022 Hub de Conte\u00fado;<\/p><p>\u2022 Blog Corporativo. Sendo este o tipo de Blog mais comum para a estrat\u00e9gia de marketing digital.<\/p><p>Um Blog, al\u00e9m de gerar autoridade para a sua empresa, aumentar a capta\u00e7\u00e3o de leads e taxas de convers\u00e3o, facilitar o processo de vendas, trazer resultados positivos e sustent\u00e1veis para o seu neg\u00f3cio, tem ainda a grande responsabilidade de melhorar o posicionamento da sua marca no Google, atrav\u00e9s de publica\u00e7\u00f5es peri\u00f3dicas que falam sobre sua marca. E, mesmo que o Blog n\u00e3o seja atualizado com frequ\u00eancia, essa ferramenta continua te trazendo benef\u00edcios com posts j\u00e1 indexados, atraindo tr\u00e1fego org\u00e2nico para sua empresa.<\/p><p>E a\u00ed, se interessou em ter um Blog?<\/p><p><a href=\"https:\/\/flowmidia.com.br\/index.php\/contato\/\">Entre em contato...<\/a> N\u00f3s podemos te ajudar!<\/p>\t\t<\/div>\r\n\t\t\t<\/div>\n\t\t\t\t<\/div>\n\t\t\t\t<\/div>\n\t\t\t\t\t<\/div>\n\t\t\t\t<\/div>\n\t\t\t\t<\/div>\n\t\t","protected":false},"excerpt":{"rendered":"<p>Redes Sociais Tr\u00e1fego Pago Blog SEO \u2013 Otimiza\u00e7\u00e3o de Sites Entre em contato! Blog Blogs s\u00e3o p\u00e1ginas on-line, atualizadas com&#8230;<\/p>\n","protected":false},"author":1,"featured_media":0,"parent":8811,"menu_order":0,"comment_status":"closed","ping_status":"closed","template":"","meta":{"footnotes":""},"class_list":["post-8545","page","type-page","status-publish","hentry"],"_links":{"self":[{"href":"https:\/\/flowmidia.com.br\/index.php\/wp-json\/wp\/v2\/pages\/8545","targetHints":{"allow":["GET"]}}],"collection":[{"href":"https:\/\/flowmidia.com.br\/index.php\/wp-json\/wp\/v2\/pages"}],"about":[{"href":"https:\/\/flowmidia.com.br\/index.php\/wp-json\/wp\/v2\/types\/page"}],"author":[{"embeddable":true,"href":"https:\/\/flowmidia.com.br\/index.php\/wp-json\/wp\/v2\/users\/1"}],"replies":[{"embeddable":true,"href":"https:\/\/flowmidia.com.br\/index.php\/wp-json\/wp\/v2\/comments?post=8545"}],"version-history":[{"count":38,"href":"https:\/\/flowmidia.com.br\/index.php\/wp-json\/wp\/v2\/pages\/8545\/revisions"}],"predecessor-version":[{"id":15217,"href":"https:\/\/flowmidia.com.br\/index.php\/wp-json\/wp\/v2\/pages\/8545\/revisions\/15217"}],"up":[{"embeddable":true,"href":"https:\/\/flowmidia.com.br\/index.php\/wp-json\/wp\/v2\/pages\/8811"}],"wp:attachment":[{"href":"https:\/\/flowmidia.com.br\/index.php\/wp-json\/wp\/v2\/media?parent=8545"}],"curies":[{"name":"wp","href":"https:\/\/api.w.org\/{rel}","templated":true}]}}